d a.
16
Let u be (-3 + 4)*36/(-2). Let f = -3 - u. Suppose 2*s + 0*s - n = 63, 0 = 4*s - 5*n - 135. Calculate the highest common factor of s and f.
15
Suppose 3*d + 116 = 2*s + 430, 0 = 4*d + 4*s - 452. Calculate the highest common factor of d and 12.
12
Let f be 0 + (-4 + 11)/1 + -3. Let y(j) = 2*j**2 + 3*j - 3. Let h be y(3). Suppose -6*m + f*m + h = 0. What is the highest common factor of m and 108?
12
Let y(a) = a**3 - 7*a**2 + 9*a - 1. Let h be y(6). Suppose 23 = 4*z - 45. Calculate the greatest common divisor of h and z.
17
Suppose 0 = 5*j + c - 43, -2*c - 2*c = 4*j - 28. Calculate the highest common factor of 63 and j.
9
Let n(k) = -2*k - 3. Let h be n(-3). Suppose m = 2*d + 10, m + 4 = -3*d - 1. Let q be d + (-8)/(-2) - -14. Calculate the greatest common factor of h and q.
3
Let h = 22 - 15. Suppose -n + h = -0. Calculate the highest common factor of 21 and n.
7
Let x = 208 - 142. Calculate the greatest common divisor of x and 18.
6
Suppose 2*d = 5*l - 75, l - 2*d - 33 = 2*d. Calculate the greatest common divisor of l and 52.
13
Suppose -3*w - 31 = -4*g, 5*w - 4*g = -6*g - 17. Let j be 6/15 + (-698)/w. Calculate the highest common divisor of 20 and j.
20
Suppose -7 = l - 43. Calculate the highest common divisor of l and 36.
36
Suppose 28 = s + 3*s - 2*i, -26 = -4*s + 3*i. Let n = s + -4. Calculate the greatest common divisor of n and 44.
4
Let p = 51 - 39. Calculate the highest common divisor of 84 and p.
12
Let l(i) = i**2 + i - 2. Let d be l(-3). Let f(u) = u - 2. Let y be f(d). Let j be -3 + (-21)/(-5 + y). What is the greatest common divisor of 12 and j?
4
Suppose 0*x = -4*x + 32. Let r = 2 - -22. What is the highest common divisor of r and x?
8
Let n be (-10)/30 + 244/3. What is the highest common factor of n and 27?
27
Let w be (-1*3)/(2/(-38)). Let m = 137 + -41. Let x = m - 58. What is the highest common factor of x and w?
19
Let r(j) = 2*j**2 - 4*j - 3. Let o be r(-2). Calculate the greatest common factor of 169 and o.
13
Let s(w) = w**2 + 6*w + 8. Let q be s(-10). What is the highest common divisor of q and 120?
24
Let g = 18 + 30. Suppose -3*n - 450 = -8*n. Let y be ((-2)/(-5))/(3/n). What is the highest common divisor of y and g?
12
Let d(f) = f + 5. Let b(h) = 2*h + 5. Let a be b(-5). Let v be d(a). Suppose -w + 48 - 9 = n, 4*w - n - 141 = v. What is the highest common factor of w and 9?
9
Let z(w) = -4*w. Suppose 2*p = 4 - 0. Let i be z(p). Let q be -22*(-2)/i*-2. Calculate the highest common factor of 11 and q.
11
Let b(s) be the second derivative of -11*s**5/20 + s**3/3 + s. Let c be b(-2). Let u = 92 - 80. Calculate the highest common divisor of c and u.
12
Let r be -3*(0 + -1 + 0). Let b(q) = q**3 - 3*q**2 + q - 6*q + 0 - 4 - r. Let m be b(5). Calculate the highest common divisor of 2 and m.
2
Suppose -4*c + 14 = -2. Suppose -i + 1 = -c*q, 4*i + q - 56 = 4*q. Calculate the greatest common factor of 136 and i.
17
Suppose o - 4*o + 33 = 0. Suppose 0 = y - 6*s + 4*s - 25, 3*s - 12 = 0. Calculate the highest common divisor of o and y.
11
Let j be 6/15 - 624/(-15). What is the greatest common factor of 6 and j?
6
Let c be (-8)/(-3)*9/6. Let f(k) = 1 + c + 5*k - 4 - 2. Let v be f(2). Calculate the highest common divisor of v and 9.
9
Suppose -3*z - 82 = -4*j, 3*z = -0*j - j + 28. Calculate the highest common divisor of j and 22.
22
Let h = -17 + 7. Let s be 296/h + 2/(-5). Let v be 4/((-8)/s) + 2. Calculate the highest common divisor of v and 119.
17
Suppose 0*r + 3*y = 3*r - 27, 45 = 5*r + y. What is the highest common divisor of 9 and r?
9
Suppose 3*u + 4 - 64 = 0. Suppose 4*o + 2*z = -z + 111, -5*o + z = -115. Let l = o - 14. Calculate the greatest common factor of l and u.
10
Let o = 3 - -2. Suppose 4*d - 3*v - 15 = 0, -d + o*d + 4*v = 36. Let a be 4/d + (-511)/(-3). Calculate the greatest common divisor of 19 and a.
19
Let a = -124 - -138. Suppose 131 = 3*s + g, -4*s + 4*g = -g - 143. What is the greatest common factor of a and s?
14
Suppose -3*g - 48 = -7*g. Let z be (-20)/(-8)*g/10. Calculate the highest common factor of 6 and z.
3
Suppose -5*g - 2*y + 92 = -y, 5*g - 104 = 3*y. Calculate the greatest common factor of 76 and g.
19
Let m be 16/12 - 51/(-9). Suppose 0 = 4*g - 17 - 11. Calculate the highest common divisor of m and g.
7
Let f = 414 + -246. Calculate the greatest common divisor of f and 24.
24
Suppose 4 - 58 = -3*o. Let k(g) = 5*g**2 + g - 4. Let b be k(5). What is the greatest common divisor of o and b?
18
Let v(s) = 7*s - 55. Let c be v(17). Let r be (-15)/(-6)*16/5. What is the highest common factor of c and r?
8
Let s = -120 - -145. What is the highest common factor of 200 and s?
25
Let c(f) = -f**3 - f**2 + f + 36. Let v be c(0). Calculate the highest common factor of 144 and v.
36
Let c be 1*-2 + 2 + -19. Let h = c - -37. Let a be ((-15)/(-2))/(1/6). What is the greatest common factor of a and h?
9
Suppose -3*h + 63 = -h - q, 38 = 2*h + 4*q. Suppose -h = -3*l + 13. Let x = 99 + -57. What is the highest common factor of l and x?
14
Let o(l) = 9*l - 3. Let n be o(-6). Let u = -32 - n. Calculate the highest common factor of u and 5.
5
Suppose 6*b - 10 = b. Let s be b/(-4) - 92/(-8). What is the greatest common divisor of s and 99?
11
Let l = 13 - 23. Let z be (-136)/(-10) + l/(-25). Calculate the highest common factor of z and 7.
7
Suppose -5*i = 5*a - 1325, 3*a - 793 = -3*i + 2*a. Calculate the highest common factor of 44 and i.
44
Let y = -1 + 3. Suppose u = -2*x - 21, 2*u - 4*x + 24 = -y*u. Let h = 13 - u. What is the highest common factor of 60 and h?
12
Let m = -433 + 440. Let h = 0 + 0. Suppose -5*i + 25 = h, 3*s = -2*s + i + 30. Calculate the highest common divisor of s and m.
7
Suppose -5*l - 18 = -7*l. Let w = 24 + l. Calculate the greatest common factor of w and 165.
33
Let s(l) = -l**3 + 5*l**2 - 5*l. Let v be s(4). Let y(i) = -i**3 - 3*i**2 + 4*i + 6. Let c be y(v). Calculate the highest common divisor of 66 and c.
6
Suppose 3 + 5 = -4*k. Let j be (-8)/4*(-1)/k. Let i = j - -13. Calculate the greatest common factor of 18 and i.
6
Suppose 0 = f + 3*n + 609, 3*f - 2*n + 1096 = -720. Let i = -396 - f. Let y = -147 + i. Calculate the greatest common factor of y and 7.
7
Suppose -3*m + 168 = -0*m. Calculate the greatest common divisor of m and 8.
8
Let u be (-4)/(-16) - (-51)/4. Let t = u - 7. Calculate the highest common divisor of 54 and t.
6
Let p = -14 - -8. Let k(r) = -2*r**3 + 6*r**2 - 5*r + 5. Let b be k(p). Suppose -5*h = 3 - b. Calculate the greatest common factor of 17 and h.
17
Let k(r) = -r**3 + 6*r**2 + 6*r - 8. Let n be k(5). What is the greatest common factor of 329 and n?
47
Suppose 374 + 991 = 7*b. Calculate the highest common divisor of b and 39.
39
Suppose 3*s - 50 = -2. What is the greatest common divisor of 4 and s?
4
Let d = 111 + -64. Let z = -25 + d. Calculate the highest common factor of z and 22.
22
Let x be 21*(-6)/(-9) + -3. Suppose -335 = 4*q - 1215. Suppose -4*d - q = -9*d. What is the highest common factor of d and x?
11
Suppose 4*o + 76 = 4*b, b - 3*o + 3 - 28 = 0. What is the highest common divisor of b and 32?
16
Let w = -41 - -74. Calculate the highest common divisor of w and 3.
3
Let n be (-2)/((-8)/(-2388)*1). Let h = 839 + n. Calculate the greatest common factor of 22 and h.
22
Suppose -4*w + 4*k = -72, -5*w - 2*k + 132 = 49. What is the greatest common divisor of 153 and w?
17
Let q = -6 - -11. Calculate the highest common divisor of 40 and q.
5
Let b(q) = q**3 + 17*q**2 + 2*q + 38. Let o be b(-17). What is the greatest common factor of 6 and o?
2
Let m(v) = v**2 - 1 - 5*v**2 + v**3 - 2*v - 2*v + 0*v. Let l be m(5). What is the highest common divisor of l and 36?
4
Suppose 0 = 2*d - 2*j + 13 + 3, -j = -4. Let f(u) = u**2 + 5*u + 5. Let i be f(d). What is the highest common divisor of i and 10?
1
Suppose 11 = 2*g - 11. Calculate the highest common factor of g and 1.
1
Suppose 8*u - 14 = 7*u. Calculate the greatest common factor of u and 2.
2
Suppose 5*b + 5*q = 15, -b = 4*b + 2*q - 12. Let g(m) = 6*m - b*m**2 + 10 + 3*m + m**2. Let c be g(9). What is the highest common factor of 20 and c?
10
Suppose -7*o + 699 = 237. Calculate the highest common factor of o and 12.
6
Let w(s) = s**2 + 2*s. Let q be w(6). Let l be (-40)/12*(-72)/10. What is the highest co